 be 59/2 + 8/16. Suppose -33 = -a - r. What is the units digit of a?
3
What is the hundreds digit of 1/(1/5) - -317?
3
Suppose -i + 6*i - 4*d - 27 = 0, -4*i = -d - 15. Suppose 2*q + i = 7. Suppose -q*g + 107 = 11. What is the tens digit of g?
4
Let f(o) = o**2 - 8*o - 29. What is the tens digit of f(-23)?
8
Let i = -12 + 17. Suppose 0 = 6*p - i*p - 38. What is the tens digit of p?
3
Suppose 2*o - 99 = 217. Suppose 5*d + 25 = 0, -3*d = -3*s - 2*d + o. What is the units digit of s?
1
Let t be 15*(-3 - (-26)/10). What is the tens digit of 94*(-1)/t*6?
9
Let r = 9522 - 4916. What is the tens digit of r?
0
Let r = -813 - -2032. What is the units digit of r?
9
Suppose -395 = -2*q + 9021. What is the units digit of q?
8
Let z(y) = -6*y**2 + 11*y - 9. Let i be z(9). Let f = -216 - i. Suppose 3*j + 2*j = f. What is the units digit of j?
6
Let m = -57 - -82. Suppose 5*q = f - m, -f + 3*q + 25 = 2*q. Suppose -s - 3*u = -f, 7*u - 3*u + 10 = 2*s. What is the tens digit of s?
1
Let j(a) = 198*a**3 + 2*a**2 - 2*a. Let g be j(1). Suppose 3*t = -3*t + g. What is the tens digit of t?
3
Let r(h) = -h - 1. Let f(y) = -2 - y + 3*y - 2*y - 2*y. Let z(j) = 6*f(j) - 10*r(j). What is the units digit of z(-6)?
0
Let c(i) = -4*i + 10. Let n be c(4). Let h(u) = -1 - 3 - 7*u**2 - 8*u + u - u**3. What is the units digit of h(n)?
2
Let r = 2 - -1. Suppose r*c + 0*b - 3*b = 117, -59 = -c + 5*b. What is the units digit of c?
4
Suppose 0 = 3*r - 100 - 1106. What is the hundreds digit of r?
4
Suppose -3*u = -3*q + 24, 0*u - 2*u - 24 = -3*q. Let w be (-2)/(q/140) - -3. What is the units digit of (w/(-10))/(20/50)?
8
Let g = -68 + 203. Suppose 5 = -5*a, -4*q + g = -4*a + a. What is the tens digit of q?
3
Let z(u) = -u**2 - 27*u + 15. What is the tens digit of z(-7)?
5
Suppose 300*v - 2366 = 293*v. What is the hundreds digit of v?
3
Let m(t) = -520*t - 354. What is the hundreds digit of m(-10)?
8
Let k be -4 - (1 + 0 - 2). Let j = k - -19. What is the tens digit of j?
1
Suppose 3*r = 5*s - 22, 3*s + 10 = 2*r - 6*r. Let n(l) = -l**3 - 3*l**2 - 5*l + 5. What is the tens digit of n(r)?
4
Let x be 46/10 - 28/(-70). Suppose -x*j = -4*j - 3. What is the tens digit of 71 - j/(6/(-4))?
7
Suppose -2*z - 2*x = 10, 3*x + 16 = -2*z - 2*x. Let u be 3*2*z/9. What is the units digit of -4 - u*(-92)/(-8)?
9
Let b(i) be the third derivative of -7*i**4/12 + 11*i**3/6 - 6*i**2. Let x be b(6). Let k = 108 + x. What is the tens digit of k?
3
Let s be -7 + -4*1 + -9 + 15. What is the units digit of ((-6)/(-5))/(15812/3160 + s)?
6
Let j(m) = -118*m**2 + 2*m + 1. Let r be j(-1). What is the tens digit of ((-28)/16)/(r/(-40) + -3)?
7
Let o(y) = 6*y**3 - 35*y**2 - 44*y + 45. Let r(i) = i**3 - 7*i**2 - 9*i + 9. Let p(m) = -2*o(m) + 11*r(m). What is the units digit of p(-7)?
6
Let q(c) = -4*c - 4. Let k be q(4). Let n = k + 6. Let b = 21 + n. What is the units digit of b?
7
Let o = 30 + -10. Let y = -16 + o. What is the units digit of y?
4
Let u(s) = s**3 - 7*s**2 - 6*s - 11. Let r be u(8). Let f(o) = -o**2 + 0*o**2 + 22*o - r - 33*o. What is the units digit of f(-5)?
5
Let z(f) = -f**2 + 4. Let v be z(0). What is the tens digit of 7752/108 + v/18?
7
Let s(t) = t**2 - 4*t - 10. Let k be s(6). Suppose 0 = -l + k, 2*q - 29 = q - 4*l. What is the units digit of q?
1
Let b(u) = u**3 + 6*u**2 + 3. Let d be b(-6). Suppose 28 = -d*z + 163. What is the tens digit of z?
4
Let f = -88 - -212. What is the tens digit of f?
2
What is the hundreds digit of 108/(-45)*(-890)/12*20?
5
Let d(n) = -n**2 - n + 5. Let u be d(5). Let q(c) = -c**3 + 3*c**2 + 4*c + 3. Let g be q(-3). Let w = g + u. What is the tens digit of w?
2
Suppose 0*r = -2*r + 12. Let s be ((-10)/r)/((-6)/36). Suppose 0 = c + 4*c - s. What is the units digit of c?
2
Let u be (-5)/(2/6*-3). Suppose 5*b = 2*l + 370, -b + 54 = u*l - 47. What is the tens digit of b?
7
Suppose 3633 + 2982 = 21*b. What is the hundreds digit of b?
3
Let a = 473 - 322. What is the units digit of a?
1
Let f(z) = 3*z**2 - 6*z + 17. What is the hundreds digit of f(20)?
0
Let u = -327 + 515. Suppose 0 = 10*v - u - 972. What is the units digit of v?
6
What is the tens digit of (-16)/64*-5826*(-8)/(-6)?
4
Let j be (-1 - -2 - 3)*-2. Suppose 3*o + 10 = -6*b + b, j*b + 45 = 5*o. Suppose -2*u + 36 = 3*h, -4*u - 18 = -o*u + 3*h. What is the units digit of u?
8
Suppose 3*j - 4*q + 211 - 86 = 0, -j = -3*q + 35. Let i = 102 + j. What is the units digit of i?
5
Suppose 0 = j + 2*l - 96, -3*j - j = -l - 339. Let p = -2 + j. What is the units digit of p?
4
Let m = 6491 + -3903. What is the units digit of m?
8
Suppose 0*p = 5*z + p + 5, 10 = 2*z - 2*p. Suppose 4*s = -24 - z. Let f = s - -29. What is the units digit of f?
3
Suppose -2*y + 7 = 1. Let i = -7 + y. Let m = 21 - i. What is the tens digit of m?
2
Let n = 101 - 191. Let a = -48 - n. Let u = 1 + a. What is the tens digit of u?
4
Suppose b = -13*b + 6048. What is the units digit of b?
2
Let x(j) = -j + 13. Let y be 1/((9/15)/(-3)). Let g be x(y). Suppose 15*s - g*s = -21. What is the units digit of s?
7
Suppose 3*r = r + 22. Suppose r = -4*q - 5. What is the tens digit of 1/(q*(-1)/124)?
3
Let f be 9*(30/(-18) - -5). Suppose -k = x - 25, -5*k + x + 181 - 68 = 0. Let q = f - k. What is the units digit of q?
7
Let f(w) = 1 + w - 1 + 2. Let b be f(7). Suppose -b = 3*j - 33. What is the units digit of j?
8
Suppose 12377 = 13*k - 20227. What is the hundreds digit of k?
5
Let g = 312 - 137. What is the tens digit of g?
7
Suppose 2*k + 16 = -5*u + 50, 3*k - 4*u - 5 = 0. Let v = k + 85. What is the units digit of v?
2
Let o(z) = 108*z**3 - z**2 + z. Let w be o(1). Let x be (-132)/w - 4/(-18). What is the units digit of (-2 - x)*3 - -12?
9
Suppose f - 3*f - 526 = -4*k, 5*f - 104 = -k. What is the tens digit of k?
2
Let m = 1708 - 111. What is the units digit of m?
7
Let t(c) = -2*c**3 + 109*c**2 - 40*c + 179. What is the units digit of t(53)?
6
Let z(c) = 3*c - 31. Let t be z(8). Let u = t + 34. What is the tens digit of u?
2
Suppose 21225 = 25*i - 4500. What is the hundreds digit of i?
0
Suppose -3*r + 0 + 6 = 0. Suppose y - 3*u - 96 = 0, -3*u + 0*u - 204 = -r*y. What is the units digit of y?
8
Suppose -8 = 4*j, 3*v = 5*j + 3 + 19. Suppose 5*c = -3*y + 211, -v*y + 0*y + 285 = 3*c. What is the tens digit of y?
7
Let v(n) be the second derivative of n**5/20 + n**4/12 - n**3/3 + 23*n**2 + 7*n. What is the tens digit of v(0)?
4
Suppose 3*b - 1 - 2 = 0. Let j(t) = 21*t**3 - 2*t + 1. Let s be j(b). Suppose 0 = -4*u + 8*u + 2*p - 86, -u + p + s = 0. What is the units digit of u?
1
Suppose 2 = -3*d + 5. Let u(a) = 2*a**3 - 2*a + 2 - 1 - 2*a**3 + 5*a**3. What is the units digit of u(d)?
4
Suppose -m - 2 = 8. What is the tens digit of (-3)/(-4)*(25 - (m - -3))?
2
Let y = 6 - 6. Let s be y*(3 - 6)/(-6). Suppose 2*f = 5*z - s*f - 29, 16 = 2*z - 3*f. What is the units digit of z?
5
Let n(z) = 36*z**2 - 4*z + 5. What is the tens digit of n(3)?
1
Let d be 3*98/6 - 0. Let p = 68 + -42. Suppose 0 = 2*z - s - d, 3*z - p - 45 = -s. What is the units digit of z?
4
Suppose 2 = -2*r - t, 2*t + 5 = -3*r - 0. Suppose -r = -2*c + 5. Suppose j = -c*d + 2, -5*j - 20 + 68 = -4*d. What is the units digit of j?
8
Suppose -636 = -3*j + o + o, 848 = 4*j + 2*o. What is the hundreds digit of j?
2
Let z(b) = b**3 - 14*b**2 + 14*b - 11. Let s be z(13). Suppose -4*p = -o + 169, -s*o + 190 = -5*p - 5*o. Let n = p - -78. What is the units digit of n?
7
Let c(f) = -2*f + 15. Let b be c(7). Let j be -3 + (b - -1) - 0. What is the tens digit of -3 + (-72)/(-5 - j)?
1
Let q(g) = 2*g - 4. Let w = -4 - -9. Let o = w - 1. What is the units digit of q(o)?
4
Let j be (-6 - -3 - -3) + 4. Suppose j*q + 3*q = 196. Suppose -7*c + 119 = -q. What is the units digit of c?
1
Suppose 2817 = 2*d + 933. What is the tens digit of d?
4
Let p = 2358 + -2012. What is the hundreds digit of p?
3
Let m(h) = -h**2 + 18*h + 45. Let y be m(20). Suppose -2*s - y*w = -79, 0*s - 110 = -3*s + w. What is the tens digit of s?
3
Let l be ((-14)/4 + 2)*4. What is the tens digit of (9/l)/(6/(-128))?
3
Suppose 5*h + 19 = -m, -m + 23 = -6*m - h. Let g(n) = -2*n**3 - 5*n**2 - 7*n - 12. What is the units digit of g(m)?
4
Let i(v) = 24*v + 25. What is the tens digit of i(8)?
1
Let z(s) = -s**2 + 2*s**2 - 5 - 14*s + 21*s - 6. Wha